{"id":2271,"date":"2023-09-26T14:34:42","date_gmt":"2023-09-26T08:34:42","guid":{"rendered":"https:\/\/barakahtrading.com\/?post_type=product&#038;p=2271"},"modified":"2023-09-26T14:34:43","modified_gmt":"2023-09-26T08:34:43","slug":"french-la-personnalite-de-la-musulmane","status":"publish","type":"product","link":"https:\/\/barakahtrading.com\/index.php\/product\/french-la-personnalite-de-la-musulmane\/","title":{"rendered":"French: La Personnalite de la Musulmane"},"content":{"rendered":"<p><strong>French translations of The Ideal Muslimah &#8211; La Personnalite de la Musulmane: The True Islamic Personality as Defined in the Qur&#8217;an and Sunnah<\/strong><\/p>\n<p>La Muslimah Id\u00e9ale est fi\u00e8re de la grande position que l&#8217;Islam lui a donn\u00e9e parmi l&#8217;humanit\u00e9. Elle exerce ses fonctions en sachant que son r\u00f4le est clairement d\u00e9fini et que ses droits sont encore, aujourd&#8217;hui encore, sup\u00e9rieurs \u00e0 toute autre id\u00e9ologie. C&#8217;est une femme d&#8217;excellence morale, fid\u00e8le \u00e0 sa nature, non confuse par des id\u00e9es \u00e9trang\u00e8res et moralement en faillite.<\/p>\n<p>Elle pr\u00e9serve son respect de soi et sa dignit\u00e9 par sa pi\u00e9t\u00e9 dans l&#8217;ob\u00e9issance \u00e0 Allah (SWT) et \u00e0 Son Messager (PBUH). Elle est le mod\u00e8le que tout vrai croyant esp\u00e8re imiter. Cet ouvrage complet du Dr Al-Hashimi est une contribution pr\u00e9cieuse pour nos lecteurs anglophones qui trouveront les connaissances qu&#8217;il contient vraiment b\u00e9n\u00e9fiques et inspirantes.<\/p>\n","protected":false},"excerpt":{"rendered":"<p>French translations of The Ideal Muslimah &#8211; La Personnalite de la Musulmane: The True Islamic Personality as Defined in the Qur&#8217;an and Sunnah La Muslimah Id\u00e9ale est fi\u00e8re de la grande position que l&#8217;Islam lui a donn\u00e9e parmi l&#8217;humanit\u00e9. Elle exerce ses fonctions en sachant que son r\u00f4le est clairement d\u00e9fini et que ses droits [&hellip;]<\/p>\n","protected":false},"featured_media":2274,"comment_status":"open","ping_status":"closed","template":"","meta":{"_et_pb_use_builder":"","_et_pb_old_content":"","_et_gb_content_width":""},"pwb-brand":[],"product_cat":[382,480],"product_tag":[708],"jetpack_sharing_enabled":true,"brands":[],"_links":{"self":[{"href":"https:\/\/barakahtrading.com\/index.php\/wp-json\/wp\/v2\/product\/2271"}],"collection":[{"href":"https:\/\/barakahtrading.com\/index.php\/wp-json\/wp\/v2\/product"}],"about":[{"href":"https:\/\/barakahtrading.com\/index.php\/wp-json\/wp\/v2\/types\/product"}],"replies":[{"embeddable":true,"href":"https:\/\/barakahtrading.com\/index.php\/wp-json\/wp\/v2\/comments?post=2271"}],"wp:featuredmedia":[{"embeddable":true,"href":"https:\/\/barakahtrading.com\/index.php\/wp-json\/wp\/v2\/media\/2274"}],"wp:attachment":[{"href":"https:\/\/barakahtrading.com\/index.php\/wp-json\/wp\/v2\/media?parent=2271"}],"wp:term":[{"taxonomy":"pwb-brand","embeddable":true,"href":"https:\/\/barakahtrading.com\/index.php\/wp-json\/wp\/v2\/pwb-brand?post=2271"},{"taxonomy":"product_cat","embeddable":true,"href":"https:\/\/barakahtrading.com\/index.php\/wp-json\/wp\/v2\/product_cat?post=2271"},{"taxonomy":"product_tag","embeddable":true,"href":"https:\/\/barakahtrading.com\/index.php\/wp-json\/wp\/v2\/product_tag?post=2271"}],"curies":[{"name":"wp","href":"https:\/\/api.w.org\/{rel}","templated":true}]}}